 4*n = 3*i - 7. Let k(y) be the third derivative of -3*y**5/20 - y**4/24 - y**3/6 + 3*y**2. Determine k(n).
-9
Let v(j) be the third derivative of j**6/120 - j**5/5 + j**4/2 - 7*j**3/6 - j**2. What is v(11)?
4
Let m(h) = h**3 + 8*h**2 + 8*h - 2. Let r be m(-7). Let y(i) = i**2 + 8*i - 7. Let p be y(r). Let l(b) = b**3 - 4*b**2 + 4*b - 3. Determine l(p).
-3
Let b(u) = -11*u**2 - 2*u - 1. Let g(z) = z**3 - z + 1. Suppose 5*r - 5*m = 5, -4*r = -2*m - 0*m - 6. Let x be g(r). Suppose 2 - x = 5*o. Calculate b(o).
-10
Let b(m) = -m**2 + 5*m. Let s(o) = o. Let n be s(1). Suppose 5*z - n = 29. Suppose v = -1 + z. Determine b(v).
0
Let w be 8/28 - (-57)/21. Let c(k) = -3*k - 2*k + k**3 + 1 + 5*k**2 + w + 3. Determine c(-6).
1
Let g(f) = f**3 - 12*f**2 + 10*f + 9. Let r be g(11). Let w be (0 + -3 - r)*4. Let c(t) = t**2 + 3*t + 3. Give c(w).
7
Let o(p) = p + p**2 + 3 - 4*p + 6*p + 3*p. Give o(-5).
-2
Let o = 74 - 74. Let d(l) = -l**3 + l**2 - 6. Give d(o).
-6
Let m(n) be the second derivative of -n**4/12 + 5*n**3/6 - 5*n**2/2 + 11*n. What is m(6)?
-11
Let q(s) = 2 + 2*s**2 + 2*s**2 - s**3 - s**2 + 3*s**2. Let l be q(6). Let y(h) = 4*h. What is y(l)?
8
Let v(z) be the third derivative of z**5/60 + 7*z**4/24 - 7*z**3/6 + 4*z**2. Determine v(-6).
-13
Let p(b) be the third derivative of -b**5/20 + b**3/6 + 29*b**2. Let k be 0 + 0 - (-1 - -1). Suppose v = -1 - k. What is p(v)?
-2
Let r(f) = f**2 + 10*f + 2. Let q be r(-10). Let l(h) = 6 - 6*h - 1 + q - h**2. What is l(-6)?
7
Suppose -2*b = 9*b - 55. Let m(i) be the second derivative of 0 - i + 1/12*i**4 - 7/2*i**2 - 2/3*i**3. What is m(b)?
-2
Let d(n) = 12*n + 1. Suppose 3*j = 7 - 4. Calculate d(j).
13
Suppose -24 = -0*l + 3*l. Let u = 3 + l. Let j(p) be the third derivative of p**4/24 - 2*p**3/3 + 2*p**2. What is j(u)?
-9
Let g(w) = w**3 + w + 2*w**2 + 0*w**2 - 4*w + 2*w. Suppose 0 = 4*j + 12, -2*m - 2*j - 9 = -j. Calculate g(m).
-6
Let f(x) = -2 + 1 + 3 - x. Suppose 0 = 4*j + b - 32, 3*j - 7 = 3*b + 2. Suppose p + j*r + 24 = 3*r, -4*p - 3*r - 31 = 0. Determine f(p).
6
Let o(p) = -2*p**2 - 6*p + 2 + 4 + p**2 - 3. Calculate o(-7).
-4
Let s(t) = t + 3. Let y = 22 - 26. Give s(y).
-1
Let x(f) be the first derivative of 2*f**2 + 2*f - 25. Calculate x(-3).
-10
Let s(x) be the third derivative of x**4/24 - x**3/6 + 20*x**2. Give s(-6).
-7
Let h(c) = c**2 + 5*c + 2. Let v = 9 - 11. Determine h(v).
-4
Suppose 3*q - 7*q - 28 = 5*f, 4*f + 4*q = -24. Let b(v) = v - 4. What is b(f)?
-8
Let a = -77 + 81. Let l(i) = i**2 - 3*i - 5. Determine l(a).
-1
Suppose 0 = 3*r - 3 + 9. Let t(q) = -3*q - 3. Let n(d) = -4*d - 4. Let v(j) = r*n(j) + 3*t(j). Let x be v(2). Let o(c) = -c**2 - 5*c - 3. Determine o(x).
3
Let q(w) = w - 2. Let g be q(-2). Let x(k) = -k + 1. Let y(d) = -6*d + 4. Let t(o) = -4*x(o) + y(o). Calculate t(g).
8
Let p = 37 + -33. Let t(o) be the first derivative of -o**4/4 + 5*o**3/3 - o**2/2 - 2*o - 1. Determine t(p).
10
Let w(d) = d**3 - 6*d**2 + 2. Let b(t) = 2*t**3 - 7*t**2 + 3. Let f(r) = -2*b(r) + 3*w(r). Give f(-4).
0
Let g be (4/(-4))/(10/4 + -2). Let f(o) = o**2 - 3*o - 1. What is f(g)?
9
Let c(h) = -5*h - 2 - 4*h + h + 7*h. Calculate c(-5).
3
Let j(v) = v**3 + 17*v**2 + 17*v + 22. Let n be j(-16). Let q(z) = z**3 - 5*z**2 - 10*z + 7. Determine q(n).
-17
Let f(n) be the second derivative of -n**3/6 + 3*n**2 + 40*n. Let k be (-15)/4 + 2/(-8). Let p be (-84)/(-16) - (-1)/k. Give f(p).
1
Let i = -8 + 3. Let c(h) = 2*h + 2. Let t be c(i). Let v(m) = m**2 + 9*m + 2. What is v(t)?
-6
Let p(c) = c**2 + 7*c - 2. Let r(v) = 2*v**2 + 14*v - 4. Let n(s) = 7*p(s) - 4*r(s). What is n(-6)?
8
Let x(p) = 6*p + 4*p + p - 4*p - 1 - 3*p**2. Let q(h) = -7*h**2 + 15*h - 2. Let a(f) = 2*q(f) - 5*x(f). What is a(4)?
-3
Let j be (0 - -1)*2 + 0. Let v(z) be the second derivative of z**4/12 - z**2/2 - 5*z. Let t(m) = 2*m**2 - 3*m. Let a(w) = -t(w) + 3*v(w). Give a(j).
7
Let w(k) = 5 + 3 - 4 - 1 - k. Let y = -4 - -10. Let m(f) = 3*f - 5. Let l(x) = y*m(x) + 10*w(x). Give l(1).
8
Let y(u) = u**2 - u - 2. Suppose -5*t + o + 6 + 8 = 0, -t + 6 = -o. Determine y(t).
0
Let d = -8 - -19. Let q be (-42)/11 - 2/d. Let s = 9 + q. Let w(v) = -v**2 + 5*v - 6. What is w(s)?
-6
Let j = -12 + 17. Let t = -3 + j. Let l(w) = w**t + 3 - w**2 + 3*w + w**3 - w + 4*w**2. What is l(-4)?
-5
Let g = -3 + 8. Suppose g*m = -f + 7 + 22, 5*f + m = 25. Suppose f - 2 = -2*y. Let t(p) = p**3 - p - 1. Determine t(y).
-1
Let u = 8 - 8. Let n(m) = -m. Let r(z) = -z**3 - 5*z + 6. Let v(j) = 6*n(j) - r(j). Give v(u).
-6
Suppose -20 = -3*w - 14. Let r(z) = 3*z**2 - z + 4*z**2 - 3*z**2 - z**3. Give r(w).
6
Let u(n) = n**3 - 5*n**2 + 5*n - 1. Suppose 0 = c + 3 - 7. Determine u(c).
3
Suppose 0 = -11*q + 8*q + 21. Let r(g) = 2*g - 4. Calculate r(q).
10
Let o(i) be the first derivative of 0*i + 0*i**2 + 2 - 1/3*i**3 - 1/120*i**5 - 1/12*i**4. Let t(d) be the third derivative of o(d). What is t(-3)?
1
Let p(h) = h**3 + 3*h**2 - 1. Suppose 4*z = 5*u - 27, 2*u = u + 5*z + 18. Let j be 0 + u + -6 + 1. Determine p(j).
3
Let u(v) = 5*v**2 + v - 5. Suppose -3*n - 4 = -4*n. Let k(r) = -4*r**2 - 2*r + 4. Let l(c) = n*k(c) + 3*u(c). Determine l(-4).
5
Let u(k) = -14*k**3 - 5*k**2 - 14*k + 6. Let a(i) = -5*i**3 - 2*i**2 - 5*i + 2. Let b(m) = 17*a(m) - 6*u(m). Let o = 6 + -10. Give b(o).
2
Suppose 2*c - 2 - 4 = 0. Suppose -p = j + 4, -16 = c*p - p - 2*j. Let y(b) = b + 6. Calculate y(p).
0
Let w(i) be the first derivative of i**3/3 - 5*i**2/2 - 7*i - 6. Determine w(5).
-7
Let l(k) = -1. Let u(y) = -4*y - 5. Let j(v) = -4*l(v) + u(v). Determine j(-1).
3
Let h(a) = -a**3 + 4*a**2 + 6*a - 7. Suppose -b - 1 = 1. Let i(v) = -4*v - 3. Let q be i(b). Give h(q).
-2
Let j(m) = m**2 - 9*m + 5. Let g be j(8). Let z(l) be the first derivative of 1/3*l**3 + 3/2*l**2 - 1 + 3*l. Calculate z(g).
3
Let f(s) = 2*s**2 - s + s**3 + 3 - 1 + 2. What is f(-3)?
-2
Let t(j) = -j**2 - j - 3. Let i be (-2 - -1)*0/3. Give t(i).
-3
Let c(h) = -h**3 - 5*h**2 + 7*h + 9. Let w = 18 - 24. Determine c(w).
3
Let s(y) = -10*y + 2 + 4*y**2 + 12*y + y**3 + 1 - 8*y. Determine s(-5).
8
Let s(z) = z - 2. Let r be s(5). Let d(b) be the first derivative of -r*b**2 + 3 + 5*b + 1/3*b**3. What is d(5)?
0
Let x(l) = l**2 - 10. Let t(o) = 2*o**2 - 10. Let p(c) = 2*t(c) - 3*x(c). Let i(h) = 2*h**2 + 11. Let r(m) = 2*i(m) - 3*p(m). Determine r(0).
-8
Let a(v) = 11*v**2 + 24*v + 35. Suppose t + 5*u + 5 = 3*u, u = 0. Let g(c) = -7*c**2 - 16*c - 23. Let h(j) = t*a(j) - 8*g(j). Determine h(-7).
2
Let g(z) = z**3 + 5*z**2 + z - 5. Let o be (0 - -2) + 3 - -2. Suppose -5*a - 32 = -o. Give g(a).
-10
Suppose -4*o + 5 + 11 = 0. Suppose o - 19 = -5*l. Let b(r) = -r**3 + 3*r**2 + r + 3. What is b(l)?
6
Let p(m) = 4*m**2 - 4*m. Let a(h) = -5*h**2 + 4*h + 1. Let f(t) = -3*a(t) - 4*p(t). Let x = 5 - 3. Determine f(x).
1
Let w(o) = 4*o - 4*o**2 - 3*o + 7*o**2 + 0*o. Let q = -3 - -3. Suppose q = -y - 3*y + 4. What is w(y)?
4
Suppose 10 = 5*q - 0. Let b(g) = -20*g**2 - 6*g + 9. Let c(v) = -7*v**2 - 2*v + 3. Let l(j) = -6*b(j) + 17*c(j). Calculate l(q).
5
Suppose y - 25 = -4*y. Let h(q) = -14*q**2 + 5*q - 3. Let o(d) = -21*d**2 + 7*d - 4. Let j(s) = y*o(s) - 7*h(s). Let z = -10 + 11. Determine j(z).
-6
Let g(n) = -2*n + 6. Suppose -46 = -11*x + 31. Determine g(x).
-8
Suppose 0 = -i + 4 - 2. Suppose 10 = 4*a - i*a. Let v(y) = -6*y - y**2 + 2*y**2 - 3 + y. What is v(a)?
-3
Suppose 0 = 4*x + x. Let n(p) = x*p + 0*p + p + 2*p. Give n(-1).
-3
Let f(r) = -5*r - r**2 + 2*r - 4*r - 4. Let p(h) = h**3 - h**2 - 3*h - 3. Let a be p(3). Suppose z + 3*c = -14, -a*z + 3*c = -z + 16. What is f(z)?
6
Let t(j) = j**3 + j**2 - 3*j - 3. Suppose -16 = 2*g + 5*x, 5*g - 6 = -x - 0. Let q(m) = -m**3 - m**2 + 4*m + 4. Let c(b) = g*q(b) + 3*t(b). What is c(-2)?
-3
Let f(h) = 30 - 67 - 4*h + 34 - 2*h**2. Determine f(-2).
-3
Let q(g) = -g + 2*g + g + 1 + g. Give q(2).
7
Let r(v) = -11*v**3 + v**2 - 7*v - 1. Let m(n) = 10*n**3 - n**2 + 6*n + 1. Let b(s) = -7*m(s) - 6*r(s). Determine b(1).
-4
Let q be 3 + -3 - (1 + -4). Let o(a) = -2*a**2 + 4*a - 3. Give o(q).
-9
Let i(t) = 2*t - 1. Let o = -20 - -13. Let r = o + 6. Give i(r).
-3
Let y(j) = -8*j**2 - 8*j. Let x(s) = -s**2 - s. Let i(v) = -10*x(v) + y(v). What is i(-2)?
4
Let w = -2 + 5. Let j(s) be the second derivative of -s 